{"id":13934,"date":"2019-02-14T10:17:02","date_gmt":"2019-02-14T10:17:02","guid":{"rendered":"http:\/\/www.csmiguel.pt\/web\/?page_id=13934"},"modified":"2021-10-05T16:50:24","modified_gmt":"2021-10-05T16:50:24","slug":"atividades-pastoral","status":"publish","type":"page","link":"https:\/\/www.csmiguel.pt\/web\/atividades-pastoral\/","title":{"rendered":"Atividades"},"content":{"rendered":"<h2 style=\"text-align: center;\"><strong>Calend\u00e1rio Atividades Pastorais<\/strong><\/h2>\n<h3><\/h3>\n<h3 style=\"text-align: center;\"><strong>Animadas pela Equipa de Pastoral<\/strong><\/h3>\n<h4><\/h4>\n<h4 style=\"text-align: center;\"><strong>Ano Letivo 2021\/2022<\/strong><\/h4>\n<p>&nbsp;<\/p>\n<p><strong>Atividades calendarizadas:<\/strong><\/p>\n<p>31 Agosto \u2013 RGP In\u00edcio trabalhos novo ano letivo\u2013 Acolhimento<\/p>\n<p>06 Setembro \u2013 Reuni\u00e3o da Equipa de Pastoral<\/p>\n<p>08 Setembro \u2013 Forma\u00e7\u00e3o para o corpo docente com o Pe. Jos\u00e9 Nuno: \u201cO lugar do Humano no Tecnocosmos: Reflex\u00f5es em contexto educativo\u201d.<\/p>\n<p>08 Setembro \u2013 Reuni\u00e3o do Conselho Pastoral<\/p>\n<p>14 Setembro \u2013 Acolhimento aos Alunos dos Cursos de Planos Pr\u00f3prios<\/p>\n<p>16 Setembro \u2013 Acolhimento aos Alunos do 5\u00ba. Ano<\/p>\n<p>17 Setembro \u2013 Acolhimento aos restantes Alunos<\/p>\n<p>17 Setembro \u2013 Abertura Geral do Ano Letivo<\/p>\n<p>29 Setembro \u2013 Dia de S\u00e3o Miguel<\/p>\n<p>22 Outubro \u2013 Dia do Diploma<\/p>\n<p>17 Novembro \u2013 Conselho Pastoral<\/p>\n<p>15 Dezembro \u2013 Celebra\u00e7\u00e3o Mariana do Advento<\/p>\n<p>17 Dezembro \u2013 APPA (Assembleia Pais, Professores e Alunos) Natal<\/p>\n<p>24 Fevereiro \u2013 Conselho Pastoral<\/p>\n<p>3\/4 Mar\u00e7o \u2013 Celebra\u00e7\u00f5es Penitenciais<\/p>\n<p>1 Abril &#8211; APPA P\u00e1scoa<\/p>\n<p>5 Maio \u2013 Conselho Pastoral<\/p>\n<p>2 Junho \u2013 Celebra\u00e7\u00e3o Mariana Maio e Caminhada \u201cQuem como Deus\u201d<\/p>\n<p>7 Junho \u2013 APPA Final<\/p>\n<p>&nbsp;<\/p>\n<p><strong>Outras atividades animadas pela Equipa de Pastoral:<\/strong><\/p>\n<p>&#8211; Outubro \u2013 Sensibiliza\u00e7\u00e3o dos alunos do 12\u00ba. Ano para a tem\u00e1tica da voca\u00e7\u00e3o sacerdotal na Semana dos Semin\u00e1rios<\/p>\n<p>&#8211; Outubro &#8211; Sensibiliza\u00e7\u00e3o dos alunos do 11\u00ba. Ano para a tem\u00e1tica mission\u00e1ria, como prepara\u00e7\u00e3o para a viv\u00eancia do m\u00eas de Outubro \u2013 M\u00eas das Miss\u00f5es.<\/p>\n<p>&#8211; Forma\u00e7\u00e3o para os alunos do 11\u00ba. Ano sobre a a\u00e7\u00e3o da C\u00e1ritas e o valor da solidariedade para com os mais pobres e desprotegidos<\/p>\n<p>\u2013 Forma\u00e7\u00e3o para Docentes, com o Pe. Jos\u00e9 Nuno: \u201cO lugar do Humano no Tecnocosmos: Reflex\u00f5es em contexto educativo\u201d<\/p>\n<p>&#8211; Forma\u00e7\u00e3o nas aulas de EMRC sobre como construir uma ora\u00e7\u00e3o<\/p>\n<p>\u2013 Anima\u00e7\u00e3o da Ora\u00e7\u00e3o da Manh\u00e3 di\u00e1ria.<\/p>\n<p>&#8211; Sensibiliza\u00e7\u00e3o para a viv\u00eancia do Ano de S\u00e3o Jos\u00e9<\/p>\n<p>\u2013 Prepara\u00e7\u00e3o e Celebra\u00e7\u00e3o da Eucaristia da Turma (uma vez por per\u00edodo), animada pelo Professor de EMRC e o Diretor de Turma<\/p>\n<p>\u2013 Comemora\u00e7\u00e3o de dias especiais nacionais e internacionais que promovam a solidariedade, a inclus\u00e3o, a fraternidade e o respeito pelos direitos humanos e a cidadania<\/p>\n<p>\u2013 Informa\u00e7\u00e3o e divulga\u00e7\u00e3o das atividades do Bispo diocesano com Jovens<\/p>\n<p>\u2013 Informa\u00e7\u00e3o e divulga\u00e7\u00e3o das atividades do Papa com Jovens, em especial da JMJ\/23<\/p>\n<p>\u2013 Colabora\u00e7\u00e3o com os Servi\u00e7os Diocesanos da Pastoral Juvenil, Mission\u00e1ria, Vocacional, para dar a conhecer aos alunos iniciativas que lhes possam interessar e ajudar na sua forma\u00e7\u00e3o como pessoas e crist\u00e3os: Celebra\u00e7\u00e3o da Semana dos Semin\u00e1rios e da Semana de Ora\u00e7\u00e3o pelas Voca\u00e7\u00f5es.<\/p>\n<p>\u2013 Colabora\u00e7\u00e3o com outras institui\u00e7\u00f5es da Igreja Diocesana na forma\u00e7\u00e3o crist\u00e3 e humana dos alunos.<\/p>\n<p>&#8211; Participa\u00e7\u00e3o em atividades de voluntariado e campanhas de solidariedade.<\/p>\n<p>&nbsp;<\/p>\n<p>Todas as 4\u00aas. feiras \u2013 Reuni\u00e3o da Equipa de Pastoral<\/p>\n<p>&nbsp;<\/p>\n","protected":false},"excerpt":{"rendered":"<p>Calend\u00e1rio Atividades Pastorais<\/p>\n<p>Animadas pela Equipa de Pastoral<\/p>\n<p>Ano Letivo 2021\/2022<br \/>\n&nbsp;<br \/>\nAtividades calendarizadas:<br \/>\n31 Agosto \u2013 RGP In\u00edcio trabalhos novo ano letivo\u2013 Acolhimento<br \/>\n06 Setembro \u2013 Reuni\u00e3o da Equipa de Pastoral<br \/>\n08 Setembro \u2013 Forma\u00e7\u00e3o para o corpo docente com o Pe. Jos\u00e9 Nuno: \u201cO lugar do Humano no Tecnocosmos: Reflex\u00f5es em contexto educativo\u201d.<br \/>\n08 Setembro \u2013 Reuni\u00e3o do Conselho Pastoral<br \/>\n14 Setembro \u2013 Acolhimento aos Alunos dos Cursos de Planos Pr\u00f3prios<br \/>\n16 Setembro \u2013 Acolhimento aos &#8230;<\/p>\n","protected":false},"author":1,"featured_media":0,"parent":0,"menu_order":0,"comment_status":"closed","ping_status":"closed","template":"","meta":{"pgc_meta":"","_monsterinsights_skip_tracking":false,"_monsterinsights_sitenote_active":false,"_monsterinsights_sitenote_note":"","_monsterinsights_sitenote_category":0,"iawp_total_views":23,"footnotes":""},"class_list":["post-13934","page","type-page","status-publish","hentry"],"pgc_meta":"","_links":{"self":[{"href":"https:\/\/www.csmiguel.pt\/web\/wp-json\/wp\/v2\/pages\/13934"}],"collection":[{"href":"https:\/\/www.csmiguel.pt\/web\/wp-json\/wp\/v2\/pages"}],"about":[{"href":"https:\/\/www.csmiguel.pt\/web\/wp-json\/wp\/v2\/types\/page"}],"author":[{"embeddable":true,"href":"https:\/\/www.csmiguel.pt\/web\/wp-json\/wp\/v2\/users\/1"}],"replies":[{"embeddable":true,"href":"https:\/\/www.csmiguel.pt\/web\/wp-json\/wp\/v2\/comments?post=13934"}],"version-history":[{"count":5,"href":"https:\/\/www.csmiguel.pt\/web\/wp-json\/wp\/v2\/pages\/13934\/revisions"}],"predecessor-version":[{"id":16146,"href":"https:\/\/www.csmiguel.pt\/web\/wp-json\/wp\/v2\/pages\/13934\/revisions\/16146"}],"wp:attachment":[{"href":"https:\/\/www.csmiguel.pt\/web\/wp-json\/wp\/v2\/media?parent=13934"}],"curies":[{"name":"wp","href":"https:\/\/api.w.org\/{rel}","templated":true}]}}