{"id":12472,"date":"2018-01-23T01:49:25","date_gmt":"2018-01-23T00:49:25","guid":{"rendered":"http:\/\/csmiguel.pt\/web\/?page_id=12472"},"modified":"2018-01-23T01:49:25","modified_gmt":"2018-01-23T00:49:25","slug":"3-o-ciclo-do-ensino-basico","status":"publish","type":"page","link":"https:\/\/www.csmiguel.pt\/web\/3-o-ciclo-do-ensino-basico\/","title":{"rendered":"3.\u00ba Ciclo do Ensino B\u00e1sico"},"content":{"rendered":"<h1><\/h1>\n<h1 style=\"text-align: center;\">3.\u00ba Ciclo do Ensino B\u00e1sico<\/h1>\n<p>&nbsp;<\/p>\n<p style=\"text-align: justify;\">No 3.\u00ba Ciclo do Ensino B\u00e1sico oferecemos o curr\u00edculo nacional enriquecido com disciplinas de oferta de escola, com clubes e projetos destinados a alargar a forma\u00e7\u00e3o dos alunos e a proporcionar-lhes oportunidades para desenvolverem compet\u00eancias e potencialidades que o plano estritamente acad\u00e9mico n\u00e3o consegue garantir. Ao <em>aprender a conhecer<\/em> adicionamos o <em>aprender a fazer<\/em>, o <em>aprender a ser<\/em> e o <em>aprender a conviver e a agir<\/em> com os outros, como bases estruturantes da realiza\u00e7\u00e3o pessoal e da viv\u00eancia da cidadania plena a que todos aspiramos.<\/p>\n<p style=\"text-align: justify;\">Neste n\u00edvel de ensino, os nossos alunos continuam a poder usufruir do ensino articulado da m\u00fasica e s\u00e3o estimulados a efetuarem, progressivamente, o autoconhecimento, tendo como horizonte os desafios do futuro, e a desenvolverem, como estilo de vida, din\u00e2micas assentes na rela\u00e7\u00e3o justa, na solidariedade e na ajuda m\u00fatua e no gosto por fazerem bem tudo o que realizarem.<\/p>\n","protected":false},"excerpt":{"rendered":"<p>\n3.\u00ba Ciclo do Ensino B\u00e1sico<br \/>\n&nbsp;<br \/>\nNo 3.\u00ba Ciclo do Ensino B\u00e1sico oferecemos o curr\u00edculo nacional enriquecido com disciplinas de oferta de escola, com clubes e projetos destinados a alargar a forma\u00e7\u00e3o dos alunos e a proporcionar-lhes oportunidades para desenvolverem compet\u00eancias e potencialidades que o plano estritamente acad\u00e9mico n\u00e3o consegue garantir. Ao aprender a conhecer adicionamos o aprender a fazer, o aprender a ser e o aprender a conviver e a agir com os outros, como bases estruturantes da &#8230;<\/p>\n","protected":false},"author":1,"featured_media":0,"parent":0,"menu_order":0,"comment_status":"closed","ping_status":"closed","template":"","meta":{"pgc_meta":"","_monsterinsights_skip_tracking":false,"_monsterinsights_sitenote_active":false,"_monsterinsights_sitenote_note":"","_monsterinsights_sitenote_category":0,"iawp_total_views":829,"footnotes":""},"class_list":["post-12472","page","type-page","status-publish","hentry"],"pgc_meta":"","_links":{"self":[{"href":"https:\/\/www.csmiguel.pt\/web\/wp-json\/wp\/v2\/pages\/12472"}],"collection":[{"href":"https:\/\/www.csmiguel.pt\/web\/wp-json\/wp\/v2\/pages"}],"about":[{"href":"https:\/\/www.csmiguel.pt\/web\/wp-json\/wp\/v2\/types\/page"}],"author":[{"embeddable":true,"href":"https:\/\/www.csmiguel.pt\/web\/wp-json\/wp\/v2\/users\/1"}],"replies":[{"embeddable":true,"href":"https:\/\/www.csmiguel.pt\/web\/wp-json\/wp\/v2\/comments?post=12472"}],"version-history":[{"count":1,"href":"https:\/\/www.csmiguel.pt\/web\/wp-json\/wp\/v2\/pages\/12472\/revisions"}],"predecessor-version":[{"id":12473,"href":"https:\/\/www.csmiguel.pt\/web\/wp-json\/wp\/v2\/pages\/12472\/revisions\/12473"}],"wp:attachment":[{"href":"https:\/\/www.csmiguel.pt\/web\/wp-json\/wp\/v2\/media?parent=12472"}],"curies":[{"name":"wp","href":"https:\/\/api.w.org\/{rel}","templated":true}]}}