{"id":11607,"date":"2017-12-29T16:12:29","date_gmt":"2017-12-29T15:12:29","guid":{"rendered":"http:\/\/csmiguel.pt\/web\/?page_id=11607"},"modified":"2026-03-18T12:12:24","modified_gmt":"2026-03-18T11:12:24","slug":"servicos-3","status":"publish","type":"page","link":"https:\/\/www.csmiguel.pt\/web\/servicos-3\/","title":{"rendered":"Servi\u00e7os"},"content":{"rendered":"[vc_row][vc_column]<div class=\"true-heading-wrap FTXLdMsl tt_animate_none \"><h3>Servi\u00e7os<\/h3><\/div>[\/vc_column][\/vc_row][vc_row][vc_column width=&#8221;1\/2&#8243;]<div class=\"true-image-box-2 tt_animate_none box-1 JPhgBSrL\"><div class=\"true-img-wrap\"><\/div><div class=\"true-text-wrap\"><span class=\"icon-circ-wrap\"><i class=\"true-custom-icon fa fa fa-print\"><\/i><\/span><div class=\"callout-details-wrap\">\n<h2 style=\"text-align: center;\">Secretaria<\/h2>\n<p style=\"text-align: center;\"><strong>Chefe dos Servi\u00e7os de Administra\u00e7\u00e3o Escolar<br \/>\nMarlene Laranjeiro<\/strong><\/p>\n<p>Cristina Marto<\/p>\n<hr \/>\n<p>Hor\u00e1rio &#8211; 8h30-18h00<\/p><\/div><\/div><a class=\"overlay-link\" href=\"#\" target=\"\" title=\"Servi\u00e7os\"><\/a><\/div>[\/vc_column][vc_column width=&#8221;1\/2&#8243;]<div class=\"true-image-box-2 tt_animate_none box-1 ztnoxnmm\"><div class=\"true-img-wrap\"><\/div><div class=\"true-text-wrap\"><span class=\"icon-circ-wrap\"><i class=\"true-custom-icon fa fa fa-key\"><\/i><\/span><div class=\"callout-details-wrap\">\n<h2 style=\"text-align: center;\">Portaria<\/h2>\n<p style=\"text-align: center;\"><strong>Nat\u00e1lia Teod\u00f3sio<\/strong><\/p>\n<hr \/>\n<p>Hor\u00e1rio &#8211; 8h00-18h30<\/p><\/div><\/div><a class=\"overlay-link\" href=\"#\" target=\"\" title=\"Servi\u00e7os\"><\/a><\/div>[\/vc_column][\/vc_row][vc_row][vc_column][vc_empty_space height=&#8221;40px&#8221;][\/vc_column][\/vc_row][vc_row][vc_column width=&#8221;1\/2&#8243;]<div class=\"true-image-box-2 tt_animate_none box-1 hGNYiWoU\"><div class=\"true-img-wrap\"><\/div><div class=\"true-text-wrap\"><span class=\"icon-circ-wrap\"><i class=\"true-custom-icon fa fa fa-phone\"><\/i><\/span><div class=\"callout-details-wrap\">\n<h2 style=\"text-align: center;\">Rece\u00e7\u00e3o<\/h2>\n<p style=\"text-align: center;\"><strong>Isabel Guimar\u00e3es<\/strong><\/p>\n<hr \/>\n<p>Hor\u00e1rio &#8211; 8h30-17h30<\/p><\/div><\/div><a class=\"overlay-link\" href=\"#\" target=\"\" title=\"Servi\u00e7os\"><\/a><\/div>[\/vc_column][vc_column width=&#8221;1\/2&#8243;]<div class=\"true-image-box-2 tt_animate_none box-1 iIobBwoJ\"><div class=\"true-img-wrap\"><\/div><div class=\"true-text-wrap\"><span class=\"icon-circ-wrap\"><i class=\"true-custom-icon fa fa fa-book\"><\/i><\/span><div class=\"callout-details-wrap\">\n<h2 style=\"text-align: center;\">Centro de Documenta\u00e7\u00e3o<\/h2>\n<p style=\"text-align: center;\"><strong>Teresa Neto<\/strong><\/p>\n<hr \/>\n<p>Hor\u00e1rios &#8211; 9h00-17h30<\/p><\/div><\/div><a class=\"overlay-link\" href=\"#\" target=\"\" title=\"Servi\u00e7os\"><\/a><\/div>[\/vc_column][\/vc_row][vc_row][vc_column][vc_empty_space height=&#8221;40px&#8221;][\/vc_column][\/vc_row][vc_row][vc_column width=&#8221;1\/2&#8243;]<div class=\"true-image-box-2 tt_animate_none box-1 OlxNtksL\"><div class=\"true-img-wrap\"><\/div><div class=\"true-text-wrap\"><span class=\"icon-circ-wrap\"><i class=\"true-custom-icon fa fa fa-file-text-o\"><\/i><\/span><div class=\"callout-details-wrap\">\n<h2 style=\"text-align: center;\">Reprografia e Papelaria<\/h2>\n<p style=\"text-align: center;\"><strong>M\u00f3nica Martins<\/strong><\/p>\n<hr \/>\n<p>Hor\u00e1rio &#8211; 8h30-17h30<\/p><\/div><\/div><a class=\"overlay-link\" href=\"#\" target=\"\" title=\"Servi\u00e7os\"><\/a><\/div>[\/vc_column][vc_column width=&#8221;1\/2&#8243;]<div class=\"true-image-box-2 tt_animate_none box-1 cAyGaBKx\"><div class=\"true-img-wrap\"><\/div><div class=\"true-text-wrap\"><span class=\"icon-circ-wrap\"><i class=\"true-custom-icon fa fa fa-sign-language\"><\/i><\/span><div class=\"callout-details-wrap\">\n<h2 style=\"text-align: center;\">Servi\u00e7o de Psicologia e Orienta\u00e7\u00e3o<\/h2>\n<p style=\"text-align: center;\"><strong>Dr.\u00aa Cristina Silva<\/strong><\/p>\n<hr \/>\n<p>Quarta-feira: 9h00-13h20<br \/>\nRestantes dias: 9h00-13h20 | 14h20-17h30<\/p><\/div><\/div><a class=\"overlay-link\" href=\"#\" target=\"\" title=\"Servi\u00e7os\"><\/a><\/div>[\/vc_column][\/vc_row][vc_row][vc_column][vc_empty_space height=&#8221;40px&#8221;][\/vc_column][\/vc_row][vc_row][vc_column width=&#8221;1\/2&#8243;]<div class=\"true-image-box-2 tt_animate_none box-1 lgOhWIzo\"><div class=\"true-img-wrap\"><\/div><div class=\"true-text-wrap\"><span class=\"icon-circ-wrap\"><i class=\"true-custom-icon fa fa fa-coffee\"><\/i><\/span><div class=\"callout-details-wrap\">\n<h2 style=\"text-align: center;\">Bar<\/h2>\n<p style=\"text-align: center;\"><strong>Joana Jacinto<\/strong><\/p>\n<hr \/>\n<p>Hor\u00e1rios &#8211; 8h30-11h20 | 12h20-16h00<\/p><\/div><\/div><a class=\"overlay-link\" href=\"#\" target=\"\" title=\"Servi\u00e7os\"><\/a><\/div>[\/vc_column][vc_column width=&#8221;1\/2&#8243;]<div class=\"true-image-box-2 tt_animate_none box-1 WxCGopOi\"><div class=\"true-img-wrap\"><\/div><div class=\"true-text-wrap\"><span class=\"icon-circ-wrap\"><i class=\"true-custom-icon fa fa fa-cutlery\"><\/i><\/span><div class=\"callout-details-wrap\">\n<h2 style=\"text-align: center;\">Refeit\u00f3rio<\/h2>\n<p style=\"text-align: center;\"><b>\u00a0<\/b><\/p>\n<hr \/>\n<p>Hor\u00e1rio: 12h20-14h20<\/p><\/div><\/div><a class=\"overlay-link\" href=\"#\" target=\"\" title=\"Servi\u00e7os\"><\/a><\/div>[\/vc_column][\/vc_row][vc_row][vc_column][vc_empty_space height=&#8221;40px&#8221;][\/vc_column][\/vc_row][vc_row][vc_column width=&#8221;1\/2&#8243;]<div class=\"true-image-box-2 tt_animate_none box-1 yAjGAFli\"><div class=\"true-img-wrap\"><\/div><div class=\"true-text-wrap\"><span class=\"icon-circ-wrap\"><i class=\"true-custom-icon fa entypo-icon entypo-icon-chat\"><\/i><\/span><div class=\"callout-details-wrap\">\n<h2 style=\"text-align: center;\">Capelania<\/h2>\n<p style=\"text-align: center;\"><strong>Pe. Fernando Varela<\/strong><\/p>\n<hr \/>\n<\/div><\/div><a class=\"overlay-link\" href=\"#\" target=\"\" title=\"Servi\u00e7os\"><\/a><\/div>[\/vc_column][vc_column width=&#8221;1\/2&#8243;]<div class=\"true-image-box-2 tt_animate_none box-1 lwJxYHDQ\"><div class=\"true-img-wrap\"><\/div><div class=\"true-text-wrap\"><span class=\"icon-circ-wrap\"><i class=\"true-custom-icon fa fa fa-credit-card\"><\/i><\/span><div class=\"callout-details-wrap\">\n<h2 style=\"text-align: center;\">Economato<\/h2>\n<p style=\"text-align: center;\"><strong>Raquel Lopes<\/strong><\/p>\n<hr \/>\n<\/div><\/div><a class=\"overlay-link\" href=\"#\" target=\"\" title=\"Servi\u00e7os\"><\/a><\/div>[\/vc_column][\/vc_row][vc_row][vc_column][vc_empty_space height=&#8221;40px&#8221;][\/vc_column][\/vc_row][vc_row][vc_column][\/vc_column][\/vc_row][vc_row][vc_column width=&#8221;1\/2&#8243;]<div class=\"true-image-box-2 tt_animate_none box-1 JiJLkkwj\"><div class=\"true-img-wrap\"><\/div><div class=\"true-text-wrap\"><span class=\"icon-circ-wrap\"><i class=\"true-custom-icon fa fa fa-usd\"><\/i><\/span><div class=\"callout-details-wrap\">\n<h2 style=\"text-align: center;\">Financeiro<\/h2>\n<p style=\"text-align: center;\"><strong>Dr.\u00aa Cristina Matias<\/strong><\/p>\n<hr \/>\n<p style=\"text-align: left;\">Hor\u00e1rio &#8211; 9h00-18h00<\/p>\n<\/div><\/div><a class=\"overlay-link\" href=\"#\" target=\"\" title=\"Servi\u00e7os\"><\/a><\/div>[vc_empty_space height=&#8221;40px&#8221;][\/vc_column][vc_column width=&#8221;1\/2&#8243;]<div class=\"true-image-box-2 tt_animate_none box-1 YMjziWrp\"><div class=\"true-img-wrap\"><\/div><div class=\"true-text-wrap\"><span class=\"icon-circ-wrap\"><i class=\"true-custom-icon fa fa fa-plug\"><\/i><\/span><div class=\"callout-details-wrap\">\n<h2 style=\"text-align: center;\">Manuten\u00e7\u00e3o<\/h2>\n<p style=\"text-align: center;\"><strong>Armando Marques<\/strong><\/p>\n<hr \/>\n<\/div><\/div><a class=\"overlay-link\" href=\"#\" target=\"\" title=\"Servi\u00e7os\"><\/a><\/div>[\/vc_column][\/vc_row][vc_row][vc_column width=&#8221;1\/4&#8243;][\/vc_column][vc_column width=&#8221;1\/2&#8243;]<div class=\"true-image-box-2 tt_animate_none box-1 XHJSwEEq\"><div class=\"true-img-wrap\"><\/div><div class=\"true-text-wrap\"><span class=\"icon-circ-wrap\"><i class=\"true-custom-icon fa fa fa-tint\"><\/i><\/span><div class=\"callout-details-wrap\">\n<h2 style=\"text-align: center;\">Piscina<\/h2>\n<p style=\"text-align: center;\"><a href=\"mailto:piscina@csmiguel.pt\"><strong>piscina@csmiguel.pt<\/strong><\/a><\/p>\n<hr \/>\n<\/div><\/div><a class=\"overlay-link\" href=\"#\" target=\"\" title=\"Servi\u00e7os\"><\/a><\/div>[\/vc_column][vc_column width=&#8221;1\/4&#8243;][\/vc_column][\/vc_row]\n","protected":false},"excerpt":{"rendered":"<p>[vc_row][vc_column][\/vc_column][\/vc_row][vc_row][vc_column width=&#8221;1\/2&#8243;][\/vc_column][vc_column width=&#8221;1\/2&#8243;][\/vc_column][\/vc_row][vc_row][vc_column][vc_empty_space height=&#8221;40px&#8221;][\/vc_column][\/vc_row][vc_row][vc_column width=&#8221;1\/2&#8243;][\/vc_column][vc_column width=&#8221;1\/2&#8243;][\/vc_column][\/vc_row][vc_row][vc_column][vc_empty_space height=&#8221;40px&#8221;][\/vc_column][\/vc_row][vc_row][vc_column width=&#8221;1\/2&#8243;][\/vc_column][vc_column width=&#8221;1\/2&#8243;][\/vc_column][\/vc_row][vc_row][vc_column][vc_empty_space height=&#8221;40px&#8221;][\/vc_column][\/vc_row][vc_row][vc_column width=&#8221;1\/2&#8243;][\/vc_column][vc_column width=&#8221;1\/2&#8243;][\/vc_column][\/vc_row][vc_row][vc_column][vc_empty_space height=&#8221;40px&#8221;][\/vc_column][\/vc_row][vc_row][vc_column width=&#8221;1\/2&#8243;][\/vc_column][vc_column width=&#8221;1\/2&#8243;][\/vc_column][\/vc_row][vc_row][vc_column][vc_empty_space height=&#8221;40px&#8221;][\/vc_column][\/vc_row][vc_row][vc_column][\/vc_column][\/vc_row][vc_row][vc_column width=&#8221;1\/2&#8243;][vc_empty_space height=&#8221;40px&#8221;][\/vc_column][vc_column width=&#8221;1\/2&#8243;][\/vc_column][\/vc_row][vc_row][vc_column width=&#8221;1\/4&#8243;][\/vc_column][vc_column width=&#8221;1\/2&#8243;][\/vc_column][vc_column width=&#8221;1\/4&#8243;][\/vc_column][\/vc_row]<\/p>\n","protected":false},"author":1,"featured_media":0,"parent":0,"menu_order":0,"comment_status":"closed","ping_status":"closed","template":"template-blank-canvas.php","meta":{"pgc_meta":"","_monsterinsights_skip_tracking":false,"_monsterinsights_sitenote_active":false,"_monsterinsights_sitenote_note":"","_monsterinsights_sitenote_category":0,"iawp_total_views":1732,"footnotes":""},"class_list":["post-11607","page","type-page","status-publish","hentry"],"pgc_meta":"","_links":{"self":[{"href":"https:\/\/www.csmiguel.pt\/web\/wp-json\/wp\/v2\/pages\/11607"}],"collection":[{"href":"https:\/\/www.csmiguel.pt\/web\/wp-json\/wp\/v2\/pages"}],"about":[{"href":"https:\/\/www.csmiguel.pt\/web\/wp-json\/wp\/v2\/types\/page"}],"author":[{"embeddable":true,"href":"https:\/\/www.csmiguel.pt\/web\/wp-json\/wp\/v2\/users\/1"}],"replies":[{"embeddable":true,"href":"https:\/\/www.csmiguel.pt\/web\/wp-json\/wp\/v2\/comments?post=11607"}],"version-history":[{"count":32,"href":"https:\/\/www.csmiguel.pt\/web\/wp-json\/wp\/v2\/pages\/11607\/revisions"}],"predecessor-version":[{"id":19582,"href":"https:\/\/www.csmiguel.pt\/web\/wp-json\/wp\/v2\/pages\/11607\/revisions\/19582"}],"wp:attachment":[{"href":"https:\/\/www.csmiguel.pt\/web\/wp-json\/wp\/v2\/media?parent=11607"}],"curies":[{"name":"wp","href":"https:\/\/api.w.org\/{rel}","templated":true}]}}