{"id":11510,"date":"2017-11-17T12:10:22","date_gmt":"2017-11-17T11:10:22","guid":{"rendered":"http:\/\/csmiguel.pt\/web\/?page_id=11510"},"modified":"2017-11-17T12:33:35","modified_gmt":"2017-11-17T11:33:35","slug":"espacos","status":"publish","type":"page","link":"https:\/\/www.csmiguel.pt\/web\/espacos\/","title":{"rendered":"Espa\u00e7os"},"content":{"rendered":"[vc_row][vc_column el_class=&#8221;custom_align&#8221;][vc_column_text]Quando se pensou na constru\u00e7\u00e3o do Col\u00e9gio de S\u00e3o Miguel e se come\u00e7aram a delinear os primeiros tra\u00e7os deste grande projeto educativo, a principal preocupa\u00e7\u00e3o foi conseguir oferecer aos futuros alunos um espa\u00e7o que potenciasse as suas aprendizagens.<\/p>\n<p>A arquitetura do edif\u00edcio n\u00e3o deixa indiferente quem c\u00e1 entra pela primeira vez\u2026 por se espalhar pelo conhecido \u201cmonte de S\u00e3o Miguel\u201d e pela dimens\u00e3o dos espa\u00e7os comuns, quer interiores, quer exteriores.[\/vc_column_text][\/vc_column][\/vc_row][vc_row][vc_column]<div class=\"true-heading-wrap oXIgwscn tt_animate_none \"><h3>Espa\u00e7os Exteriores<\/h3><\/div>[\/vc_column][\/vc_row][vc_row][vc_column][rev_slider_vc alias=&#8221;espacos-exteriores&#8221;][\/vc_column][\/vc_row][vc_row][vc_column el_class=&#8221;custom_align&#8221;][vc_column_text]O contacto com a Natureza continua a ser um privil\u00e9gio para todos os que frequentam o Col\u00e9gio e a diversidade de \u00e1rvores, arbustos, plantas e flores \u00e9 imediatamente vis\u00edvel quando entramos neste espa\u00e7o. Destaca-se o \u201c<strong>jardim das oliveiras<\/strong>\u201d, junto aos campos desportivos, e o \u201c<strong>jardim dos lagos<\/strong>\u201d, espa\u00e7o central da escola.<\/p>\n<p>Os espa\u00e7os desportivos exteriores s\u00e3o constitu\u00eddos por um <strong>campo de futebol<\/strong> de 11 e um <strong>campo polidesportivo<\/strong> para jogos coletivos que pode ser dividido em tr\u00eas campos para a pr\u00e1tica de, por exemplo, futsal, andebol ou basquetebol.[\/vc_column_text][\/vc_column][\/vc_row][vc_row][vc_column]<div class=\"true-heading-wrap SIFTWeDA tt_animate_none \"><h3>Espa\u00e7os Interiores<\/h3><\/div>[\/vc_column][\/vc_row][vc_row][vc_column][rev_slider_vc alias=&#8221;espacos-interiores&#8221;][\/vc_column][\/vc_row][vc_row][vc_column el_class=&#8221;custom_align&#8221;][vc_column_text]O Col\u00e9gio \u00e9 constitu\u00eddo por tr\u00eas zonas distintas: o edif\u00edcio principal, destinado aos alunos do 3\u00ba ciclo e do ensino secund\u00e1rio, onde se poder\u00e1 encontrar a <strong>rece\u00e7\u00e3o<\/strong> e a <strong>secretaria<\/strong>; o edif\u00edcio de aulas dos alunos do 2\u00ba ciclo; e, finalmente, o bloco destinado aos alunos do curso tecnol\u00f3gico de Design, Cer\u00e2mica e Escultura.<\/p>\n<p>Entre estas duas \u00faltimas zonas, encontra-se o <strong>pavilh\u00e3o gimnodesportivo<\/strong> e a <strong>piscina semi-ol\u00edmpica<\/strong>.<\/p>\n<p>Toda a comunidade escolar tem oportunidade de comer no <strong>refeit\u00f3rio<\/strong> a comida confecionada na nossa <strong>cozinha<\/strong>. Estes dois espa\u00e7os foram totalmente renovados no ano letivo de 2016\/2017.<\/p>\n<p>A <strong>biblioteca<\/strong> \u00e9 tamb\u00e9m um dos espa\u00e7os recentemente renovados onde, para al\u00e9m das pesquisa e\/ou leitura de livros, os alunos poder\u00e3o fazer trabalhos de grupo\/projeto, numa divis\u00e3o criada para o efeito. Nos <strong>laborat\u00f3rios<\/strong>, os alunos t\u00eam as aulas de pr\u00e1ticas laboratoriais: aprender pela descoberta!<\/p>\n<p>Como escola cat\u00f3lica, queremos privilegiar o encontro que acontece com Deus, connosco pr\u00f3prios e com os outros\u2026 para isso temos um espa\u00e7o especial: a <strong>capela<\/strong>. De uma forma diferente, esse \u201cencontro\u201d acontece tamb\u00e9m no <strong>audit\u00f3rio<\/strong> D. Jo\u00e3o Pereira Ven\u00e2ncio, com capacidade para cerca de 200 pessoas, para confer\u00eancias, debates, concurso, \u2026[\/vc_column_text][\/vc_column][\/vc_row]\n","protected":false},"excerpt":{"rendered":"<p>[vc_row][vc_column el_class=&#8221;custom_align&#8221;][vc_column_text]Quando se pensou na constru\u00e7\u00e3o do Col\u00e9gio de S\u00e3o Miguel e se come\u00e7aram a delinear os primeiros tra\u00e7os deste grande projeto educativo, a principal preocupa\u00e7\u00e3o foi conseguir oferecer aos futuros alunos um espa\u00e7o que potenciasse as suas aprendizagens.<br \/>\nA arquitetura do edif\u00edcio n\u00e3o deixa indiferente quem c\u00e1 entra pela primeira vez\u2026 por se espalhar pelo conhecido \u201cmonte de S\u00e3o Miguel\u201d e pela dimens\u00e3o dos espa\u00e7os comuns, quer interiores, quer exteriores.[\/vc_column_text][\/vc_column][\/vc_row][vc_row][vc_column][\/vc_column][\/vc_row][vc_row][vc_column][rev_slider_vc alias=&#8221;espacos-exteriores&#8221;][\/vc_column][\/vc_row][vc_row][vc_column el_class=&#8221;custom_align&#8221;][vc_column_text]O contacto com a Natureza continua a ser &#8230;<\/p>\n","protected":false},"author":1,"featured_media":0,"parent":0,"menu_order":0,"comment_status":"closed","ping_status":"closed","template":"template-blank-canvas.php","meta":{"pgc_meta":"","_monsterinsights_skip_tracking":false,"_monsterinsights_sitenote_active":false,"_monsterinsights_sitenote_note":"","_monsterinsights_sitenote_category":0,"iawp_total_views":950,"footnotes":""},"class_list":["post-11510","page","type-page","status-publish","hentry"],"pgc_meta":"","_links":{"self":[{"href":"https:\/\/www.csmiguel.pt\/web\/wp-json\/wp\/v2\/pages\/11510"}],"collection":[{"href":"https:\/\/www.csmiguel.pt\/web\/wp-json\/wp\/v2\/pages"}],"about":[{"href":"https:\/\/www.csmiguel.pt\/web\/wp-json\/wp\/v2\/types\/page"}],"author":[{"embeddable":true,"href":"https:\/\/www.csmiguel.pt\/web\/wp-json\/wp\/v2\/users\/1"}],"replies":[{"embeddable":true,"href":"https:\/\/www.csmiguel.pt\/web\/wp-json\/wp\/v2\/comments?post=11510"}],"version-history":[{"count":5,"href":"https:\/\/www.csmiguel.pt\/web\/wp-json\/wp\/v2\/pages\/11510\/revisions"}],"predecessor-version":[{"id":11515,"href":"https:\/\/www.csmiguel.pt\/web\/wp-json\/wp\/v2\/pages\/11510\/revisions\/11515"}],"wp:attachment":[{"href":"https:\/\/www.csmiguel.pt\/web\/wp-json\/wp\/v2\/media?parent=11510"}],"curies":[{"name":"wp","href":"https:\/\/api.w.org\/{rel}","templated":true}]}}

Espaços

[vc_row][vc_column el_class=&#8221;custom_align&#8221;][vc_column_text]Quando se pensou na construção do Colégio de São Miguel e se começaram a delinear os primeiros traços deste grande projeto educativo, a principal preocupação foi conseguir oferecer aos futuros alunos um espaço que potenciasse as suas aprendizagens.</p>
<p>A arquitetura do edifício não deixa indiferente quem cá entra pela primeira vez… por se espalhar pelo conhecido “monte de São Miguel” e pela dimensão dos espaços comuns, quer interiores, quer exteriores.[/vc_column_text][/vc_column][/vc_row][vc_row][vc_column]<div class="true-heading-wrap oXIgwscn tt_animate_none "><h3>Espaços Exteriores</h3></div>[/vc_column][/vc_row][vc_row][vc_column][rev_slider_vc alias=&#8221;espacos-exteriores&#8221;][/vc_column][/vc_row][vc_row][vc_column el_class=&#8221;custom_align&#8221;][vc_column_text]O contacto com a Natureza continua a ser um privilégio para todos os que frequentam o Colégio e a diversidade de árvores, arbustos, plantas e flores é imediatamente visível quando entramos neste espaço. Destaca-se o “<strong>jardim das oliveiras</strong>”, junto aos campos desportivos, e o “<strong>jardim dos lagos</strong>”, espaço central da escola.</p>
<p>Os espaços desportivos exteriores são constituídos por um <strong>campo de futebol</strong> de 11 e um <strong>campo polidesportivo</strong> para jogos coletivos que pode ser dividido em três campos para a prática de, por exemplo, futsal, andebol ou basquetebol.[/vc_column_text][/vc_column][/vc_row][vc_row][vc_column]<div class="true-heading-wrap SIFTWeDA tt_animate_none "><h3>Espaços Interiores</h3></div>[/vc_column][/vc_row][vc_row][vc_column][rev_slider_vc alias=&#8221;espacos-interiores&#8221;][/vc_column][/vc_row][vc_row][vc_column el_class=&#8221;custom_align&#8221;][vc_column_text]O Colégio é constituído por três zonas distintas: o edifício principal, destinado aos alunos do 3º ciclo e do ensino secundário, onde se poderá encontrar a <strong>receção</strong> e a <strong>secretaria</strong>; o edifício de aulas dos alunos do 2º ciclo; e, finalmente, o bloco destinado aos alunos do curso tecnológico de Design, Cerâmica e Escultura.</p>
<p>Entre estas duas últimas zonas, encontra-se o <strong>pavilhão gimnodesportivo</strong> e a <strong>piscina semi-olímpica</strong>.</p>
<p>Toda a comunidade escolar tem oportunidade de comer no <strong>refeitório</strong> a comida confecionada na nossa <strong>cozinha</strong>. Estes dois espaços foram totalmente renovados no ano letivo de 2016/2017.</p>
<p>A <strong>biblioteca</strong> é também um dos espaços recentemente renovados onde, para além das pesquisa e/ou leitura de livros, os alunos poderão fazer trabalhos de grupo/projeto, numa divisão criada para o efeito. Nos <strong>laboratórios</strong>, os alunos têm as aulas de práticas laboratoriais: aprender pela descoberta!</p>
<p>Como escola católica, queremos privilegiar o encontro que acontece com Deus, connosco próprios e com os outros… para isso temos um espaço especial: a <strong>capela</strong>. De uma forma diferente, esse “encontro” acontece também no <strong>auditório</strong> D. João Pereira Venâncio, com capacidade para cerca de 200 pessoas, para conferências, debates, concurso, …[/vc_column_text][/vc_column][/vc_row]

<p>[vc_row][vc_column el_class=&#8221;custom_align&#8221;][vc_column_text]Quando se pensou na construção do Colégio de São Miguel e se começaram a delinear os primeiros traços deste grande projeto educativo, a principal preocupação foi conseguir oferecer aos futuros alunos um espaço que potenciasse as suas aprendizagens.<br />
A arquitetura do edifício não deixa indiferente quem cá entra pela primeira vez… por se espalhar pelo conhecido “monte de São Miguel” e pela dimensão dos espaços comuns, quer interiores, quer exteriores.[/vc_column_text][/vc_column][/vc_row][vc_row][vc_column][/vc_column][/vc_row][vc_row][vc_column][rev_slider_vc alias=&#8221;espacos-exteriores&#8221;][/vc_column][/vc_row][vc_row][vc_column el_class=&#8221;custom_align&#8221;][vc_column_text]O contacto com a Natureza continua a ser &#8230;</p>
